 Let r(x) = k*m(x) + 6*g(x). Give r(6).
4
Let d(z) = -z**2 + z. Suppose -3 = -4*v + 3*f, -10*v + 5*v + 5 = -5*f. Suppose -2*p - 3*p + 6 = -3*q, -2*q - 4*p + 18 = v. Give d(q).
-6
Let c(v) = -3*v + 1 + v + 15 + 4*v**2 - 5*v**2 - 2*v. Determine c(-7).
-5
Let c(n) = -n + 1. Let p be (-12)/2 + -10 + 12. Let t be c(p). Let g(r) = -2 - 16*r**2 - t*r + 15*r**2 + r. What is g(-4)?
-2
Let n(f) = -2*f**3 - 7*f**2 - 4*f - 2. Let k(x) = -x**2 + 13*x - 45. Let t be k(8). Determine n(t).
93
Let r(z) = -z - 1. Let b be (1363/58 - 22)/(1/(-10)). Suppose 3*t + 125 = -2*x, -x - 220 = t + 4*t. Let j be (6/b + 2)*t/18. Calculate r(j).
3
Let v(f) = 11*f**2 + 121. Let r(m) = -10*m**2 + m - 106. Let s(a) = 9*r(a) + 8*v(a). What is s(10)?
-96
Let m be (-9)/21 - ((-454)/14 - 3). Let o(c) = 5*c - 177. Give o(m).
-2
Suppose -169*q + 2384 = -39*q + 19*q. Let o(y) = 3*y**3 - 49*y**2 + 17*y - 19. Give o(q).
-3
Let w = -2 + -5. Let s(v) be the third derivative of 2/15*v**5 + 7*v**2 + 1/120*v**6 + 0 + 7/24*v**4 - 1/2*v**3 + 0*v. Give s(w).
-3
Let c = 163 + -155. Let t(u) = -3*u**3 + 9*u**2 - 9*u - 2. Let a(m) = 7*m**3 - 18*m**2 + 18*m + 3. Let o(d) = -2*a(d) - 5*t(d). Calculate o(c).
12
Let n(t) be the third derivative of -t**6/120 + 19*t**5/20 + 5*t**4/2 - 115*t**3/6 + 3927*t**2. Give n(58).
1
Let u(o) be the second derivative of -o**6/120 + 7*o**5/60 - o**4/6 + o**3/2 + 10*o**2 + 48*o. Let f(q) be the first derivative of u(q). Calculate f(6).
15
Let r = 6 - 8. Let t = r + 1. Let p(j) = -57*j - 1. Let d(u) = -69*u - 1. Let n(v) = -6*d(v) + 7*p(v). Determine n(t).
-16
Let h(n) = -4*n**2 + 2*n + 20. Let b(v) = -9*v**2 + 5*v + 41. Let a(o) = -3*b(o) + 7*h(o). Suppose 0 = -2*u - 12*i + 16*i - 4, 2*u = -i + 1. Determine a(u).
17
Let g be (5 - (-144)/(-27))/(1/9). Let m(f) = -10*f. Let x(r) = -2*r. Let v(h) = g*m(h) + 14*x(h). Calculate v(-3).
-6
Let j(a) = -32 + 17*a**2 - 32 + a**2 + 61. Suppose -53 = 6*f - 2*f + 3*u, u - 41 = 4*f. Let t(s) = -89*s**2 + 16. Let n(o) = f*j(o) - 2*t(o). Give n(1).
-19
Let g be -84 + 64 - (-48)/3. Let o(b) = b**2 - 38*b - 167. Determine o(g).
1
Let g(x) = 36*x + 240. Let l(o) = 13*o + 87. Let f(t) = 3*g(t) - 8*l(t). Give f(2).
32
Let u = -6857 - -6847. Let t(s) = -s**3 - 12*s**2 - 22*s - 15. Calculate t(u).
5
Let s(d) be the third derivative of d**4/8 + d**3/3 + 17*d**2 - 19. What is s(0)?
2
Let k(a) = 1122 - 385 - 378 - 373 - 2*a. Give k(-8).
2
Let a(p) = 5*p**2 - 15*p - 3. Let b(m) = 6*m**2 - 16*m - 3. Let f(v) = -7*a(v) + 6*b(v). Let n be ((-11)/(330/80))/(-3*(-4)/36). Give f(n).
-5
Let c be -1 + 1 - (2 + 0). Let a be (-3 + 105/9 - 2)/(72/(-108)). Let j be c/a*(-15)/(-1). Let x(s) = -s**2 + 3*s - 2. Calculate x(j).
-2
Let b(a) = -a**3 - 4*a**2 - 10*a - 13. Suppose 17*s = 65*s + 144. Give b(s).
8
Suppose -5*x = m + 31, -262*x - m = -266*x - 23. Let c(a) = 28*a + 65. Give c(x).
-103
Let r(k) = -31*k**2 + 18*k + 26. Let j(w) = -5*w**2 + 1. Let u(v) = -6*j(v) + r(v). What is u(15)?
65
Let k(z) be the second derivative of 5*z**3/6 + 20*z**2 + 82*z + 2. What is k(-9)?
-5
Let p(t) = 11*t - 313. Suppose 40*s = 27*s - 36*s + 1372. What is p(s)?
-5
Let p be 2*-1 - 5*(-18)/30. Let x(d) = -1 - 2 + 9*d**2 - 7*d + p - 3*d**2 + 9*d - d**3. Give x(7).
-37
Let k(s) = s**2 + 4*s - 4. Let c be (-10)/2 - (5 - 6). Let i be k(c). Let h(b) = 45*b - 2. Let v(t) = -56*t + 3. Let j(x) = -5*h(x) - 4*v(x). Calculate j(i).
2
Let m(j) be the first derivative of 7*j**4/4 + j**3/3 - j - 1. Let s(w) = w + 9 - 2*w + 6*w. Let b be s(-2). What is m(b)?
-7
Let j(y) = 12*y + 22. Let w(t) = 19*t + 34. Let s = 516 - 511. Let f(v) = s*w(v) - 8*j(v). Determine f(-3).
-3
Let a(i) = 16*i + 99. Suppose 7*b = 2 - 44. Determine a(b).
3
Let m = -57 - -59. Let v(j) = -3 - 2 - j + 5 + m. Calculate v(8).
-6
Let l(y) = y + 19. Let x(q) = 11*q - 1. Let z be x(-1). Suppose -2*c + 3*k = -33, -4*c - 39*k = -35*k - 36. Let v = z + c. Give l(v).
19
Let h(a) = -a**3 - a - 3. Let p = 941 - 938. Determine h(p).
-33
Let b(j) = j**2 + 9*j + 15. Let u(l) = -110*l + 765. Let s be u(7). Determine b(s).
-5
Suppose 2*b = -l + 17, 15 = 12*l - 9*l - 3*b. Let v(p) = p**3 - 9*p**2 - 7*p - 13. Give v(l).
-76
Let s(a) = 5*a - 9. Let c(r) = -24*r + 44. Let x(j) = 3*c(j) + 14*s(j). Suppose 20*t = 35*t - 1560. Suppose -60*k = -47*k - t. Give x(k).
-10
Let m(k) = -8*k + 2. Let f(v) = 13*v - 4. Let h(c) = 3*f(c) + 5*m(c). Let n = -59 - -57. Determine h(n).
0
Suppose -83 - 103 = -3*p. Let i = -58 + p. Let g(m) = 12 + 2*m - 3 - i. Determine g(-4).
-3
Suppose -8*f - 54 = -2*f. Let w be 3/(f/(-2)) - (-2)/6. Let j(n) = -9*n**2 + 5*n + 2. Let c(i) = -9*i**2 + 4*i + 1. Let o(l) = -3*c(l) + 2*j(l). Give o(w).
8
Let o(m) = -2*m + 2. Let k(p) = 1 - 1039*p + 1038*p + 2. Let z(d) = 4*k(d) - 5*o(d). Give z(-2).
-10
Let l(z) = 7*z + 6*z + 11*z**2 + 1 - 11*z - 2. Suppose -21 = -10*q + 3*q. Let g be (q + -4)/1*(3 + -4). Give l(g).
12
Let c(j) = j - 4. Suppose 5*f - 575 = -5*m, -2*f - 16*m = -11*m - 224. Let x be (f + -122)/(-1 - -2). Determine c(x).
-9
Suppose -113*b = -178*b - 130. Suppose 3*n - 4*n = 0. Let z(d) = -1 + 5*d**2 - 4 + d + n*d + 6. Determine z(b).
19
Let z(d) = 2*d + d + 217*d**3 - 1 - 4*d**2 + 218*d**3 + 210*d**3 - 644*d**3. Calculate z(3).
-1
Let a(d) = -7*d**2 + 91*d - 4. Let r be a(13). Let p(z) = z - 2. Let t(h) = h - 3. Let f(q) = r*t(q) + 5*p(q). Calculate f(3).
5
Let a be (-1)/4 - 6/8. Let p(t) be the second derivative of 0 + 0*t**3 + 0*t**2 - 91*t + 3/4*t**4. What is p(a)?
9
Let v(y) = 27*y**2 + 4*y - 3*y - 7*y**2. Suppose -207*w - 4 = -211*w. Determine v(w).
21
Let c(q) be the first derivative of -4*q**2 - 44*q - 3663. Determine c(-9).
28
Let b(q) be the second derivative of q**4/6 + 3*q**3 - 25*q**2/2 + 2412*q. Determine b(-12).
47
Let c(d) = d. Let t = -399 + 457. Suppose -7*g - t = -30. What is c(g)?
-4
Let f = -116 + 86. Let w be 80/f*(-3)/4. Let y(u) be the first derivative of -u**3/3 + u + 1. Calculate y(w).
-3
Let f(s) = 1 - 12*s**2 + 2*s - 21*s**2 + 31*s**2 - 8*s**2 - 8*s**2. Determine f(-3).
-167
Let y(x) = -x**3 - 3*x**2 + 13*x - 2. Let w = 8375 - 8381. What is y(w)?
28
Let l(q) = 33*q + 5 - 40*q + 4*q - 2. What is l(-4)?
15
Let b(q) = 9*q**3 + 7*q**2 - 17*q + 23. Let o(i) = 5*i**3 + 4*i**2 - 9*i + 13. Let g(c) = -6*b(c) + 11*o(c). Determine g(-2).
-1
Let s(m) = 19*m**2 - 13*m - 36. Let t(k) = 12*k**2 - 8*k - 25. Let d(z) = 5*s(z) - 8*t(z). Calculate d(0).
20
Let a(t) be the first derivative of -t**4/12 + 4*t**3/3 + 9*t**2/2 - 98*t + 12. Let i(k) be the first derivative of a(k). Determine i(9).
0
Let t(p) = -p**3 - 3*p**2 + 11*p. Suppose 905*r - 899*r = -30. Give t(r).
-5
Let t(n) be the first derivative of -3*n**2 + 104*n + 3448. Determine t(19).
-10
Let u(t) be the first derivative of 5*t**4/2 - 15*t**2/2 + 18. Let f(p) = p**3 - p. Let c(h) = -15*f(h) + u(h). Suppose 9 - 11 = 2*m. Give c(m).
5
Let d(g) = -g - 9. Suppose -4*v = -8 + 16. Let j(o) = 2. Let u(n) = v*d(n) - 9*j(n). Suppose 0*b + 15 = 5*b. Calculate u(b).
6
Suppose -2*d - 265 = -257. Let o(n) = -27*n - 89. Let l be o(d). Let v(t) = -t**3 + 18*t**2 + 19*t - 6. Calculate v(l).
-6
Suppose 5*b = 2*b + 4*d - 2, b + 8 = 5*d. Let i(y) be the first derivative of -2*y - 131 + 0*y**2 + 0*y**3 - 1/4*y**4. Calculate i(b).
-10
Let t(z) be the third derivative of -11*z**4/8 - 65*z**3/6 + z**2 - 5906. What is t(-3)?
34
Let d(s) = -s - 7. Let y(h) = -4*h**2 + 6*h + 2. Let n be y(4). Let v be -5 - n - (-6 - 0)/(-2). Let p be 45/v + (-34)/4. What is d(p)?
0
Let i(t) = 1 - 3*t + 2 - 4. Suppose 2*s + 64 = -h - 62, h - 66 = s. Let y be s/(-112) + 6/14. Determine i(y).
-4
Let r = -91 + 94. Let a(i) = i + 2 + i**r + 5 - i**2 + 8 - 18. Calculate a(0).
-3
Let q(m) be the third derivative of -m**7/1260 - 7*m**6/180 - m**5/6 + 28*m**4/3 - 186*m**2. Let o(c) be the second derivative of q(c). Calculate o(-13).
6
Let s(t) be the third derivative of -t**6/24 - t**5/60 + t**4/12 - t**3/3 + 30*t**2. Let a be s(1). Let k(d) = d**2 + 5*d - 4. Calculate k(a).
2
Let s(c) = -c**3 - c - 2. Let k be s(-2). Let o(a) = 14*a + k*a + 27*a**2 - 28*a**2 - 9*a. Determine o(13).
0
Let x(f) = -2*f**2 - 6*f - 11. Let v = -1565 - -1560. What is x(v)?
-31
Let p(l) be the third derivative of -19*l**4/24 + 19*l**3/6 - l**2 + 44*l - 11. What is p(-3)?
76
Let v = -231 - -418. Let h = v + -18